{"id":20,"date":"2013-06-20T17:48:38","date_gmt":"2013-06-20T15:48:38","guid":{"rendered":"http:\/\/zlombol.slomnicki.net\/?page_id=20"},"modified":"2014-05-07T10:42:22","modified_gmt":"2014-05-07T08:42:22","slug":"nasz-pojazd","status":"publish","type":"page","link":"https:\/\/zlombol.slomnicki.net\/index.php\/nasz-pojazd\/","title":{"rendered":"Nasze pojazdy"},"content":{"rendered":"<p>Pojazd wybrany na misj\u0119 to \u017bUK, ale nie byle jaki \u017bUK.<\/p>\n<p>To <strong>\u017bUK A16!<\/strong><\/p>\n<p>Szczeg\u00f3\u0142y:<br \/>\n&#8211; rocznik: 1978<br \/>\n&#8211; zabudowa: dubel-kabina i paka \u0142adunkowa<br \/>\n&#8211; ilo\u015b\u0107 miejsc: 6 siedz\u0105cych (po modyfikacjach 4 sensowne)<\/p>\n<p><a href=\"https:\/\/zlombol.slomnicki.net\/wp-content\/uploads\/2013\/06\/2791113468.jpg\"><img loading=\"lazy\" class=\"size-medium wp-image-16 aligncenter\" src=\"https:\/\/zlombol.slomnicki.net\/wp-content\/uploads\/2013\/06\/2791113468-224x300.jpg\" alt=\"Zakup 1\" width=\"224\" height=\"300\" srcset=\"https:\/\/zlombol.slomnicki.net\/wp-content\/uploads\/2013\/06\/2791113468-224x300.jpg 224w, https:\/\/zlombol.slomnicki.net\/wp-content\/uploads\/2013\/06\/2791113468.jpg 575w\" sizes=\"(max-width: 224px) 100vw, 224px\" \/><\/a><\/p>\n<p><a href=\"https:\/\/zlombol.slomnicki.net\/wp-content\/uploads\/2013\/08\/wpid-20130814_2259571.jpg\"><img loading=\"lazy\" class=\"aligncenter size-full wp-image-320\" src=\"https:\/\/zlombol.slomnicki.net\/wp-content\/uploads\/2013\/08\/wpid-20130814_2259571.jpg\" alt=\"wpid-20130814_225957.jpg\" width=\"500\" height=\"375\" srcset=\"https:\/\/zlombol.slomnicki.net\/wp-content\/uploads\/2013\/08\/wpid-20130814_2259571.jpg 500w, https:\/\/zlombol.slomnicki.net\/wp-content\/uploads\/2013\/08\/wpid-20130814_2259571-300x225.jpg 300w\" sizes=\"(max-width: 500px) 100vw, 500px\" \/><\/a><\/p>\n<p>Pozosta\u0142e wozy:<\/p>\n<p><strong>\u017buk A03<br \/>\n<\/strong>Szczeg\u00f3\u0142y:<strong><br \/>\n<\/strong><\/p>\n<p>&#8211; rocznik: 1966<br \/>\n&#8211; zabudowa: kabina i paka \u0142adunkowa<br \/>\n&#8211; ilo\u015b\u0107 miejsc: 2<\/p>\n<p><a href=\"https:\/\/zlombol.slomnicki.net\/wp-content\/uploads\/2014\/05\/mDSC_0001.jpg\"><img loading=\"lazy\" class=\"aligncenter size-full wp-image-558\" src=\"https:\/\/zlombol.slomnicki.net\/wp-content\/uploads\/2014\/05\/mDSC_0001.jpg\" alt=\"\u017buk Smutek\" width=\"640\" height=\"425\" srcset=\"https:\/\/zlombol.slomnicki.net\/wp-content\/uploads\/2014\/05\/mDSC_0001.jpg 640w, https:\/\/zlombol.slomnicki.net\/wp-content\/uploads\/2014\/05\/mDSC_0001-300x199.jpg 300w\" sizes=\"(max-width: 640px) 100vw, 640px\" \/><\/a><\/p>\n","protected":false},"excerpt":{"rendered":"<p>Pojazd wybrany na misj\u0119 to \u017bUK, ale nie byle jaki \u017bUK. To \u017bUK A16! Szczeg\u00f3\u0142y: &#8211; rocznik: 1978 &#8211; zabudowa: dubel-kabina i paka \u0142adunkowa &#8211; ilo\u015b\u0107 miejsc: 6 siedz\u0105cych (po modyfikacjach 4 sensowne) Pozosta\u0142e wozy: \u017buk A03 Szczeg\u00f3\u0142y: &#8211; rocznik: 1966 &#8211; zabudowa: kabina i paka \u0142adunkowa &#8211; ilo\u015b\u0107 miejsc: 2<\/p>\n","protected":false},"author":1,"featured_media":0,"parent":0,"menu_order":1,"comment_status":"open","ping_status":"open","template":"","meta":[],"_links":{"self":[{"href":"https:\/\/zlombol.slomnicki.net\/index.php\/wp-json\/wp\/v2\/pages\/20"}],"collection":[{"href":"https:\/\/zlombol.slomnicki.net\/index.php\/wp-json\/wp\/v2\/pages"}],"about":[{"href":"https:\/\/zlombol.slomnicki.net\/index.php\/wp-json\/wp\/v2\/types\/page"}],"author":[{"embeddable":true,"href":"https:\/\/zlombol.slomnicki.net\/index.php\/wp-json\/wp\/v2\/users\/1"}],"replies":[{"embeddable":true,"href":"https:\/\/zlombol.slomnicki.net\/index.php\/wp-json\/wp\/v2\/comments?post=20"}],"version-history":[{"count":6,"href":"https:\/\/zlombol.slomnicki.net\/index.php\/wp-json\/wp\/v2\/pages\/20\/revisions"}],"predecessor-version":[{"id":561,"href":"https:\/\/zlombol.slomnicki.net\/index.php\/wp-json\/wp\/v2\/pages\/20\/revisions\/561"}],"wp:attachment":[{"href":"https:\/\/zlombol.slomnicki.net\/index.php\/wp-json\/wp\/v2\/media?parent=20"}],"curies":[{"name":"wp","href":"https:\/\/api.w.org\/{rel}","templated":true}]}}