{"id":17,"date":"2013-06-20T17:44:08","date_gmt":"2013-06-20T15:44:08","guid":{"rendered":"http:\/\/zlombol.slomnicki.net\/?page_id=17"},"modified":"2013-08-09T22:27:16","modified_gmt":"2013-08-09T20:27:16","slug":"o-nas","status":"publish","type":"page","link":"https:\/\/zlombol.slomnicki.net\/index.php\/o-nas\/","title":{"rendered":"O nas"},"content":{"rendered":"<p>Kilka s\u0142\u00f3w o zespole:<\/p>\n<p>Zesp\u00f3\u0142 tworzy wi\u0119kszo\u015b\u0107 dzia\u0142u szumnie nazwanego &#8222;Arendi&#8221;, czyli Bada\u0144 i Rozwoju. Jak na nazw\u0119 przysta\u0142o zajmujemy si\u0119 badaniem i rozwojem naszego pojazdu.<\/p>\n<p>Sk\u0142ad zespo\u0142u:<\/p>\n<p>Jurek &#8211; Pan Kierownik i dow\u00f3dca zamieszania, organizacja materia\u0142\u00f3w<br \/>\n<span style=\"line-height: 1.714285714; font-size: 1rem;\">Jarro &#8211; Cz\u0142onek zespo\u0142u &#8211; pr\u00f3buje okie\u0142zna\u0107 (mam nadziej\u0119) kwity i noclegi<br \/>\nMarek &#8222;S\u0142omka&#8221; &#8211; Cz\u0142onek zespo\u0142u &#8211; nadworny elektryk, elektronik i jak trzeba mechanik<br \/>\nBartek &#8211; wielka nadzieja nas wszystkich, a w szczeg\u00f3lno\u015bci Jarka, na razie na pozycji czeladnika, ale miejmy nadziej\u0119, \u017ce szybko awansuje \ud83d\ude42<\/span><\/p>\n","protected":false},"excerpt":{"rendered":"<p>Kilka s\u0142\u00f3w o zespole: Zesp\u00f3\u0142 tworzy wi\u0119kszo\u015b\u0107 dzia\u0142u szumnie nazwanego &#8222;Arendi&#8221;, czyli Bada\u0144 i Rozwoju. Jak na nazw\u0119 przysta\u0142o zajmujemy si\u0119 badaniem i rozwojem naszego pojazdu. Sk\u0142ad zespo\u0142u: Jurek &#8211; Pan Kierownik i dow\u00f3dca zamieszania, organizacja materia\u0142\u00f3w Jarro &#8211; Cz\u0142onek zespo\u0142u &#8211; pr\u00f3buje okie\u0142zna\u0107 (mam nadziej\u0119) kwity i noclegi Marek &#8222;S\u0142omka&#8221; &#8211; Cz\u0142onek zespo\u0142u &#8211; [&hellip;]<\/p>\n","protected":false},"author":1,"featured_media":0,"parent":0,"menu_order":0,"comment_status":"open","ping_status":"open","template":"","meta":[],"_links":{"self":[{"href":"https:\/\/zlombol.slomnicki.net\/index.php\/wp-json\/wp\/v2\/pages\/17"}],"collection":[{"href":"https:\/\/zlombol.slomnicki.net\/index.php\/wp-json\/wp\/v2\/pages"}],"about":[{"href":"https:\/\/zlombol.slomnicki.net\/index.php\/wp-json\/wp\/v2\/types\/page"}],"author":[{"embeddable":true,"href":"https:\/\/zlombol.slomnicki.net\/index.php\/wp-json\/wp\/v2\/users\/1"}],"replies":[{"embeddable":true,"href":"https:\/\/zlombol.slomnicki.net\/index.php\/wp-json\/wp\/v2\/comments?post=17"}],"version-history":[{"count":4,"href":"https:\/\/zlombol.slomnicki.net\/index.php\/wp-json\/wp\/v2\/pages\/17\/revisions"}],"predecessor-version":[{"id":152,"href":"https:\/\/zlombol.slomnicki.net\/index.php\/wp-json\/wp\/v2\/pages\/17\/revisions\/152"}],"wp:attachment":[{"href":"https:\/\/zlombol.slomnicki.net\/index.php\/wp-json\/wp\/v2\/media?parent=17"}],"curies":[{"name":"wp","href":"https:\/\/api.w.org\/{rel}","templated":true}]}}